Suppose -5*u + 555 = -0*u. What is the remainder when u is divided by 16?
15
Let w(z) be the first derivative of -3*z**2 - 22*z + 6. What is the remainder when w(-10) is divided by 20?
18
Let j(d) = -20*d**3 - 2*d + 1. Let n be j(1). What is the remainder when 27 is divided by -25*(n/15 + 1)?
7
Calculate the remainder when ((-10)/3)/((-12)/126) is divided by 19.
16
Let l(v) = -v**3 - 7*v**2 + 5*v - 8. Calculate the remainder when l(-8) is divided by 3.
1
Let c(y) = -y**2 + 9*y + 4. Suppose 12 = b + b. Let j(w) = -w**3 + 5*w**2 + 8*w - 4. Let t be j(b). Calculate the remainder when 22 is divided by c(t).
10
Suppose 146 + 162 = 2*z. Suppose z = 5*i - 16. Calculate the remainder when i is divided by 12.
10
Suppose -28 = 4*n - 0. Let p(o) = -2*o - 2. Let x be p(n). Let w = x + -5. Calculate the remainder when w is divided by 4.
3
Let l(o) = -4*o + 4. Calculate the remainder when l(-10) is divided by 23.
21
Suppose -272 = -5*a + 198. What is the remainder when a is divided by 24?
22
Suppose 4*y = -5*c + 381, -3*c + 215 + 20 = -4*y. What is the remainder when c is divided by 13?
12
Let l be -37*(2 + -3) + 0. Suppose -4*c + l = 5. What is the remainder when 3 is divided by c/10*(-5)/(-2)?
1
Let v(y) = -3*y**3 - 10*y**2 + 13*y - 22. Let p(q) = -q**3 - 3*q**2 + 4*q - 7. Let c(g) = 7*p(g) - 2*v(g). What is the remainder when c(-4) is divided by 12?
11
Let s = -4 + 32. What is the remainder when 76 is divided by s?
20
Let h(r) = 7*r**2 + r + 2. Let z be h(-2). Let f = -11 + z. Suppose -3*k + 17 = -10. Calculate the remainder when f is divided by k.
8
Calculate the remainder when 74 is divided by (0 - (-44)/6)/(2/3).
8
Suppose -126 = -3*i - 2*y, -i - 7*y = -2*y - 29. Suppose 5*n = i + 51. Calculate the remainder when n is divided by 11.
8
Suppose 3*s - 6 = 2*y - 0, 4*s + 2*y = 22. Calculate the remainder when 53 is divided by (-2)/(-4)*36 - s.
11
Suppose -4*f + 6*f = 3*l + 4, -f - 2*l + 16 = 0. Let y = 22 - f. Suppose y = 3*j - 10. What is the remainder when 14 is divided by j?
6
What is the remainder when 542/12 - 7/42 is divided by 12?
9
Suppose 0*l - 8 = -4*l. Let q = l - -3. Suppose -q*o = -3*f + 2, o - 18 = -2*f - 2*f. Calculate the remainder when 11 is divided by f.
3
Let n(g) = g**3 + 7*g**2 - 6*g - 16. What is the remainder when n(-6) is divided by 12?
8
Let s(v) = v + 9. Let p be s(-7). What is the remainder when (-35)/(-3) + p/(-3) is divided by 4?
3
Let y(j) = -j**3 + 13*j**2 - 12*j + 13. Calculate the remainder when 36 is divided by y(12).
10
Suppose -422 = -3*f - 74. Calculate the remainder when f is divided by 40.
36
Let m(n) = -n + 52. Let s be m(0). Let o = s + -14. Let l = o - 23. Calculate the remainder when l is divided by 8.
7
Let c = 1 + 4. Suppose -5*v + 80 = c*b, -5*b + 11 = 2*v - 75. Let i(a) = 4*a**2 + 4*a + 2. What is the remainder when b is divided by i(-2)?
8
Suppose 153 = 4*l + 5*l. What is the remainder when l is divided by 6?
5
Suppose -4*y + 36 = 4*m, 12 = 3*m - 3. Suppose p + 10 = o, y*o - 2*p = p + 35. Let d(l) = -5*l + 4. What is the remainder when d(-3) is divided by o?
4
Let c(f) = -f + 7. Let l be c(-10). Let y = 29 - l. Calculate the remainder when (42/8)/(3/y) is divided by 11.
10
Let d = 126 - 58. Suppose -j + 5*j = d. What is the remainder when j is divided by 6?
5
Let y = 0 - -2. Suppose -r = -y*k + r + 4, k = 3*r. What is the remainder when 4*(3 - (-14)/(-8)) is divided by k?
2
Suppose 5*i + 0*l + 4*l - 72 = 0, 54 = 4*i + 2*l. What is the remainder when 19 is divided by i?
7
Calculate the remainder when 11 is divided by (6 - -4)/(1/1) + -2.
3
Let f(g) = -g**2 + 4*g + 5. Suppose -4 = -3*s + 2*s. What is the remainder when f(s) is divided by 3?
2
Let o = -20 - -31. What is the remainder when 31 is divided by o?
9
Suppose i - 5 = 3. Let c(g) = -2*g - 17. Let k be c(-12). Suppose 5*s = 22 - k. What is the remainder when i is divided by s?
2
Let m(v) = -v**2 - v + 23. Suppose 0 = y - 4*y. Let b(p) = -3*p - 6. What is the remainder when m(y) is divided by b(-6)?
11
Let w(h) = 3*h + 4. What is the remainder when w(7) is divided by 11 + (-6 - (-20)/4)?
5
What is the remainder when 43 is divided by (-176)/(-22) + 1*4?
7
Suppose 3*q + c = -2*q + 249, 5*c = -4*q + 195. What is the remainder when q is divided by 18?
14
Let x(p) = -p**3 + 6*p**2 - 4*p - 1. What is the remainder when 59 is divided by x(4)?
14
Suppose -2*i + 116 = 4*w + w, -2*w - 4*i = -40. Let p = 36 - w. Suppose -2*t + p = t. Calculate the remainder when 7 is divided by t.
3
Let k = -16 - -35. Let u be (5 + -6)/((-2)/4). Let r = 9 - u. Calculate the remainder when k is divided by r.
5
Let q = -5 + 2. Let x = -4 + 24. What is the remainder when x is divided by (0 - (-33)/(-9))*q?
9
What is the remainder when 0 - (7 + 5)*13/(-2) is divided by 16?
14
Suppose 2*q - 6 = -q. Suppose -q*y = -0*y - 10. What is the remainder when y is divided by 3/2 - (-2)/4?
1
Let g = 2 + 3. Suppose 3*t = -t + g*h + 12, 0 = -2*h. Suppose 2*l - l = 6. Calculate the remainder when l is divided by t.
0
Suppose 6 = -3*z, 0 = -3*m + 5*z - 19 + 167. What is the remainder when m is divided by 12?
10
Suppose 11*a - 72 = 7*a. What is the remainder when 52 is divided by a?
16
Suppose 0 = 49*u - 47*u - 28. What is the remainder when 38 is divided by u?
10
Calculate the remainder when (-8)/(-4) + 31*3 is divided by 24.
23
Suppose -8 = 2*j - 12. Let n(x) = 6*x**3 - x**2 + 1. Let r be n(1). Suppose 21 = 3*f + r. What is the remainder when f is divided by j?
1
Suppose -2*f + 6 = -3*f. Let w(t) = -t**3 - 5*t**2 + 4*t + 7. Calculate the remainder when w(f) is divided by 10.
9
Suppose 4*l = i - 16, 3*l + 6*i + 1 = 4*i. Let k = -2 - l. Let z(v) = 15*v. Calculate the remainder when z(k) is divided by 8.
7
Suppose 135 = -7*a + 2*a. Let q = a - -48. Let i = -10 + q. Calculate the remainder when i is divided by 6.
5
Suppose -3*w + 5*w - 8 = 0. What is the remainder when 7 is divided by w?
3
Let j(g) = -g**3 + g**2 + 2*g. What is the remainder when 30 is divided by j(-2)?
6
Suppose s - 2*s = -16. Let a = -152 - -215. What is the remainder when a is divided by s?
15
Let d(n) = 7*n - 1. Let p be d(2). Let m = 38 - p. What is the remainder when m is divided by 7?
4
Suppose 33 = -105*i + 768. Let d(a) = a**3 + 5*a**2 + 4 - 4*a**2 + 4*a**2. Calculate the remainder when i is divided by d(-5).
3
Let f(s) = 2*s**2 - 12*s - 22. What is the remainder when f(15) is divided by 50?
48
Suppose 2*r - 9*r + 56 = 0. Let p = -1 - -6. Calculate the remainder when r is divided by p.
3
Suppose 0 = -2*x + 25 - 9. Calculate the remainder when 22 is divided by x.
6
Let y = -28 + 46. Calculate the remainder when y is divided by 5.
3
Let z = 7 + -2. What is the remainder when 49 is divided by z?
4
Suppose 5*c = 3*j + 44, -6*j = -4*c - 4*j + 36. What is the remainder when 17 is divided by c?
7
Let h(y) = 20*y**2 + 3*y + 1. What is the remainder when h(-1) is divided by 10?
8
Let m be ((-3)/2)/(2/4). Suppose 4*r + 6 = -5*s - 12, 0 = 5*r + 4*s + 18. What is the remainder when (-22)/5*(r + m) is divided by 12?
10
Calculate the remainder when (11 - 2)/(2/12) is divided by 20.
14
Let i(b) = b - 1. Let l be i(7). Suppose 4*c = -l*p + 3*p + 52, p - c = 8. What is the remainder when 23 is divided by p?
11
Let h be (9/12)/(-3)*-236. Suppose g - h = -4. Suppose 5*w - 2*k - 95 = 0, -4*w - 5*k + 19 = -3*w. What is the remainder when g is divided by w?
17
Let v be 147/9 + 4/6. Let u = 55 - v. Calculate the remainder when u is divided by 20.
18
Let x(b) = -b**2 - 7*b. Let c be x(-5). Suppose -u - 3*q = u - c, -2*u + 10 = -2*q. What is the remainder when 8 is divided by ((-16)/(-10) + -1)*u?
2
Let b(a) = 2*a**2 - 8*a - 10. Let s be b(7). Suppose 0 = 5*z - t - 50, 2*z + 5 = -t + s. Calculate the remainder when (7/2)/(1/6) is divided by z.
10
Let j(z) = 0 + 5 + 3 + 2*z - z. Calculate the remainder when 3 is divided by j(-7).
0
Let u(g) = -g**2 - 5*g + 5. Let m be u(-5). Let y = 3 - m. Calculate the remainder when (y/4)/(1/(-2)) is divided by 1.
0
Let i = 87 - 36. Let x(z) = -14*z**3 - z**2 - z. Let h be x(-1). Let g = -1 + h. What is the remainder when i is divided by g?
12
Let j(m) = -m**3 - 9*m**2 + 7*m - 19. Let p(g) = g**2 - 5*g - 4. Let d be 2 - 7 - (-4)/2. What is the remainder when p(d) is divided by j(-10)?
9
Let r = -26 + 60. Calculate